{"id":2,"date":"2026-04-22T08:24:19","date_gmt":"2026-04-22T08:24:19","guid":{"rendered":"https:\/\/key19.com\/?page_id=2"},"modified":"2026-05-07T08:55:34","modified_gmt":"2026-05-07T08:55:34","slug":"sample-page","status":"publish","type":"page","link":"https:\/\/keyfast.net\/","title":{"rendered":"Trang ch\u1ee7"},"content":{"rendered":"<p id=\"display-desc\" class=\"text-slate-500 text-lg mb-10 leading-relaxed\">K\u00edch ho\u1ea1t b\u1ea3n quy\u1ec1n v\u0129nh vi\u1ec5n cho thi\u1ebft b\u1ecb c\u1ee7a b\u1ea1n. Nh\u1eadn key ngay l\u1eadp t\u1ee9c qua Email sau khi thanh to\u00e1n th\u00e0nh c\u00f4ng.<\/p>\n<ul class=\"space-y-5 font-semibold text-slate-700\">\n<li class=\"flex items-center gap-4\"><i class=\"fas fa-check-circle text-green-500 text-xl\"><\/i>B\u1ea3n quy\u1ec1n ch\u00ednh h\u00e3ng 100%<\/li>\n<li class=\"flex items-center gap-4\"><i class=\"fas fa-check-circle text-green-500 text-xl\"><\/i>Giao h\u00e0ng t\u1ef1 \u0111\u1ed9ng 24\/7<\/li>\n<li class=\"flex items-center gap-4\"><i class=\"fas fa-check-circle text-green-500 text-xl\"><\/i>H\u1ed7 tr\u1ee3 c\u00e0i \u0111\u1eb7t t\u1eeb xa n\u1ebfu g\u1eb7p l\u1ed7i<\/li>\n<\/ul>\n","protected":false},"excerpt":{"rendered":"<p>K\u00edch ho\u1ea1t b\u1ea3n quy\u1ec1n v\u0129nh vi\u1ec5n cho thi\u1ebft b\u1ecb c\u1ee7a b\u1ea1n. Nh\u1eadn key ngay l\u1eadp t\u1ee9c qua Email sau khi [&hellip;]<\/p>\n","protected":false},"author":1,"featured_media":0,"parent":0,"menu_order":0,"comment_status":"closed","ping_status":"open","template":"","meta":{"_acf_changed":false,"inline_featured_image":false,"site-sidebar-layout":"default","site-content-layout":"","ast-site-content-layout":"default","site-content-style":"default","site-sidebar-style":"default","ast-global-header-display":"","ast-banner-title-visibility":"","ast-main-header-display":"","ast-hfb-above-header-display":"","ast-hfb-below-header-display":"","ast-hfb-mobile-header-display":"","site-post-title":"","ast-breadcrumbs-content":"","ast-featured-img":"","footer-sml-layout":"","ast-disable-related-posts":"","theme-transparent-header-meta":"default","adv-header-id-meta":"","stick-header-meta":"","header-above-stick-meta":"","header-main-stick-meta":"","header-below-stick-meta":"","astra-migrate-meta-layouts":"set","ast-page-background-enabled":"default","ast-page-background-meta":{"desktop":{"background-color":"var(--ast-global-color-5)","background-image":"","background-repeat":"repeat","background-position":"center center","background-size":"auto","background-attachment":"scroll","background-type":"","background-media":"","overlay-type":"","overlay-color":"","overlay-opacity":"","overlay-gradient":""},"tablet":{"background-color":"","background-image":"","background-repeat":"repeat","background-position":"center center","background-size":"auto","background-attachment":"scroll","background-type":"","background-media":"","overlay-type":"","overlay-color":"","overlay-opacity":"","overlay-gradient":""},"mobile":{"background-color":"","background-image":"","background-repeat":"repeat","background-position":"center center","background-size":"auto","background-attachment":"scroll","background-type":"","background-media":"","overlay-type":"","overlay-color":"","overlay-opacity":"","overlay-gradient":""}},"ast-content-background-meta":{"desktop":{"background-color":"var(--ast-global-color-4)","background-image":"","background-repeat":"repeat","background-position":"center center","background-size":"auto","background-attachment":"scroll","background-type":"","background-media":"","overlay-type":"","overlay-color":"","overlay-opacity":"","overlay-gradient":""},"tablet":{"background-color":"var(--ast-global-color-4)","background-image":"","background-repeat":"repeat","background-position":"center center","background-size":"auto","background-attachment":"scroll","background-type":"","background-media":"","overlay-type":"","overlay-color":"","overlay-opacity":"","overlay-gradient":""},"mobile":{"background-color":"var(--ast-global-color-4)","background-image":"","background-repeat":"repeat","background-position":"center center","background-size":"auto","background-attachment":"scroll","background-type":"","background-media":"","overlay-type":"","overlay-color":"","overlay-opacity":"","overlay-gradient":""}},"footnotes":""},"class_list":["post-2","page","type-page","status-publish","hentry"],"acf":[],"_links":{"self":[{"href":"https:\/\/keyfast.net\/index.php?rest_route=\/wp\/v2\/pages\/2","targetHints":{"allow":["GET"]}}],"collection":[{"href":"https:\/\/keyfast.net\/index.php?rest_route=\/wp\/v2\/pages"}],"about":[{"href":"https:\/\/keyfast.net\/index.php?rest_route=\/wp\/v2\/types\/page"}],"author":[{"embeddable":true,"href":"https:\/\/keyfast.net\/index.php?rest_route=\/wp\/v2\/users\/1"}],"replies":[{"embeddable":true,"href":"https:\/\/keyfast.net\/index.php?rest_route=%2Fwp%2Fv2%2Fcomments&post=2"}],"version-history":[{"count":7,"href":"https:\/\/keyfast.net\/index.php?rest_route=\/wp\/v2\/pages\/2\/revisions"}],"predecessor-version":[{"id":156,"href":"https:\/\/keyfast.net\/index.php?rest_route=\/wp\/v2\/pages\/2\/revisions\/156"}],"wp:attachment":[{"href":"https:\/\/keyfast.net\/index.php?rest_route=%2Fwp%2Fv2%2Fmedia&parent=2"}],"curies":[{"name":"wp","href":"https:\/\/api.w.org\/{rel}","templated":true}]}}